{"id":8794,"date":"2025-12-18T13:08:03","date_gmt":"2025-12-18T19:08:03","guid":{"rendered":"https:\/\/drkrakenscrubs.com\/?page_id=8794"},"modified":"2025-12-18T13:15:21","modified_gmt":"2025-12-18T19:15:21","slug":"nosotros","status":"publish","type":"page","link":"https:\/\/drkrakenscrubs.com\/?page_id=8794","title":{"rendered":"Nosotros"},"content":{"rendered":"\t\t<div data-elementor-type=\"wp-page\" data-elementor-id=\"8794\" class=\"elementor elementor-8794\" data-elementor-post-type=\"page\">\n\t\t\t\t<div class=\"elementor-element elementor-element-68a6cc0 e-flex e-con-boxed e-con e-parent\" data-id=\"68a6cc0\" data-element_type=\"container\" data-settings=\"{&quot;background_background&quot;:&quot;classic&quot;}\">\n\t\t\t\t\t<div class=\"e-con-inner\">\n\t\t\t\t<div class=\"elementor-element elementor-element-4a03120 elementor-widget elementor-widget-image\" data-id=\"4a03120\" data-element_type=\"widget\" data-widget_type=\"image.default\">\n\t\t\t\t<div class=\"elementor-widget-container\">\n\t\t\t\t\t\t\t\t\t\t\t\t\t\t\t<img fetchpriority=\"high\" decoding=\"async\" width=\"1024\" height=\"997\" src=\"https:\/\/drkrakenscrubs.com\/wp-content\/uploads\/2025\/12\/Proyecto-nuevo-1024x997.png\" class=\"attachment-large size-large wp-image-8777\" alt=\"\" srcset=\"https:\/\/drkrakenscrubs.com\/wp-content\/uploads\/2025\/12\/Proyecto-nuevo-1024x997.png 1024w, https:\/\/drkrakenscrubs.com\/wp-content\/uploads\/2025\/12\/Proyecto-nuevo-300x292.png 300w, https:\/\/drkrakenscrubs.com\/wp-content\/uploads\/2025\/12\/Proyecto-nuevo-600x584.png 600w, https:\/\/drkrakenscrubs.com\/wp-content\/uploads\/2025\/12\/Proyecto-nuevo-768x748.png 768w, https:\/\/drkrakenscrubs.com\/wp-content\/uploads\/2025\/12\/Proyecto-nuevo.png 1042w\" sizes=\"(max-width: 1024px) 100vw, 1024px\" \/>\t\t\t\t\t\t\t\t\t\t\t\t\t\t\t<\/div>\n\t\t\t\t<\/div>\n\t\t<div class=\"elementor-element elementor-element-5bf3153 e-con-full e-flex e-con e-child\" data-id=\"5bf3153\" data-element_type=\"container\">\n\t\t\t\t<div class=\"elementor-element elementor-element-8a9adf7 elementor-widget elementor-widget-heading\" data-id=\"8a9adf7\" data-element_type=\"widget\" data-widget_type=\"heading.default\">\n\t\t\t\t<div class=\"elementor-widget-container\">\n\t\t\t\t\t<h2 class=\"elementor-heading-title elementor-size-default\">Visi\u00f3n<\/h2>\t\t\t\t<\/div>\n\t\t\t\t<\/div>\n\t\t\t\t<div class=\"elementor-element elementor-element-30c031d elementor-widget elementor-widget-text-editor\" data-id=\"30c031d\" data-element_type=\"widget\" data-widget_type=\"text-editor.default\">\n\t\t\t\t<div class=\"elementor-widget-container\">\n\t\t\t\t\t\t\t\t\t<p>Inspirar confianza y profesionalismo a trav\u00e9s de uniformes que acompa\u00f1en al personal de salud en su labor diaria, combinando estilo, comodidad y calidad para mejorar la experiencia de quienes cuidan a los dem\u00e1s.<\/p>\t\t\t\t\t\t\t\t<\/div>\n\t\t\t\t<\/div>\n\t\t\t\t<div class=\"elementor-element elementor-element-be8e19d elementor-widget elementor-widget-heading\" data-id=\"be8e19d\" data-element_type=\"widget\" data-widget_type=\"heading.default\">\n\t\t\t\t<div class=\"elementor-widget-container\">\n\t\t\t\t\t<h2 class=\"elementor-heading-title elementor-size-default\">misi\u00f3n<\/h2>\t\t\t\t<\/div>\n\t\t\t\t<\/div>\n\t\t\t\t<div class=\"elementor-element elementor-element-d56e25a elementor-widget elementor-widget-text-editor\" data-id=\"d56e25a\" data-element_type=\"widget\" data-widget_type=\"text-editor.default\">\n\t\t\t\t<div class=\"elementor-widget-container\">\n\t\t\t\t\t\t\t\t\t<p>Crear uniformes que acompa\u00f1en el ritmo de trabajo del personal de salud, ofreciendo dise\u00f1os c\u00f3modos, funcionales y elegantes que reflejen su profesionalismo y dedicaci\u00f3n cotidiana.<\/p>\t\t\t\t\t\t\t\t<\/div>\n\t\t\t\t<\/div>\n\t\t\t\t<\/div>\n\t\t\t\t\t<\/div>\n\t\t\t\t<\/div>\n\t\t\t\t<\/div>\n\t\t","protected":false},"excerpt":{"rendered":"<p>Visi\u00f3n Inspirar confianza y profesionalismo a trav\u00e9s de uniformes que acompa\u00f1en al personal de salud en su labor diaria, combinando estilo, comodidad y calidad para mejorar la experiencia de quienes cuidan a los dem\u00e1s. misi\u00f3n Crear uniformes que acompa\u00f1en el ritmo de trabajo del personal de salud, ofreciendo dise\u00f1os c\u00f3modos, funcionales y elegantes que reflejen [&hellip;]<\/p>\n","protected":false},"author":8,"featured_media":0,"parent":0,"menu_order":0,"comment_status":"closed","ping_status":"closed","template":"","meta":{"_uag_custom_page_level_css":"","site-sidebar-layout":"no-sidebar","site-content-layout":"page-builder","ast-site-content-layout":"full-width-container","site-content-style":"default","site-sidebar-style":"default","ast-global-header-display":"","ast-banner-title-visibility":"","ast-main-header-display":"","ast-hfb-above-header-display":"","ast-hfb-below-header-display":"","ast-hfb-mobile-header-display":"","site-post-title":"disabled","ast-breadcrumbs-content":"","ast-featured-img":"disabled","footer-sml-layout":"","theme-transparent-header-meta":"","adv-header-id-meta":"","stick-header-meta":"","header-above-stick-meta":"","header-main-stick-meta":"","header-below-stick-meta":"","astra-migrate-meta-layouts":"set","ast-page-background-enabled":"default","ast-page-background-meta":{"desktop":{"background-color":"","background-image":"","background-repeat":"repeat","background-position":"center center","background-size":"auto","background-attachment":"scroll","background-type":"","background-media":"","overlay-type":"","overlay-color":"","overlay-opacity":"","overlay-gradient":""},"tablet":{"background-color":"","background-image":"","background-repeat":"repeat","background-position":"center center","background-size":"auto","background-attachment":"scroll","background-type":"","background-media":"","overlay-type":"","overlay-color":"","overlay-opacity":"","overlay-gradient":""},"mobile":{"background-color":"","background-image":"","background-repeat":"repeat","background-position":"center center","background-size":"auto","background-attachment":"scroll","background-type":"","background-media":"","overlay-type":"","overlay-color":"","overlay-opacity":"","overlay-gradient":""}},"ast-content-background-meta":{"desktop":{"background-color":"var(--ast-global-color-5)","background-image":"","background-repeat":"repeat","background-position":"center center","background-size":"auto","background-attachment":"scroll","background-type":"","background-media":"","overlay-type":"","overlay-color":"","overlay-opacity":"","overlay-gradient":""},"tablet":{"background-color":"var(--ast-global-color-5)","background-image":"","background-repeat":"repeat","background-position":"center center","background-size":"auto","background-attachment":"scroll","background-type":"","background-media":"","overlay-type":"","overlay-color":"","overlay-opacity":"","overlay-gradient":""},"mobile":{"background-color":"var(--ast-global-color-5)","background-image":"","background-repeat":"repeat","background-position":"center center","background-size":"auto","background-attachment":"scroll","background-type":"","background-media":"","overlay-type":"","overlay-color":"","overlay-opacity":"","overlay-gradient":""}},"footnotes":""},"class_list":["post-8794","page","type-page","status-publish","hentry"],"uagb_featured_image_src":{"full":false,"thumbnail":false,"medium":false,"medium_large":false,"large":false,"1536x1536":false,"2048x2048":false,"woocommerce_thumbnail":false,"woocommerce_single":false,"woocommerce_gallery_thumbnail":false},"uagb_author_info":{"display_name":"drkrakenscrubs","author_link":"https:\/\/drkrakenscrubs.com\/?author=8"},"uagb_comment_info":0,"uagb_excerpt":"Visi\u00f3n Inspirar confianza y profesionalismo a trav\u00e9s de uniformes que acompa\u00f1en al personal de salud en su labor diaria, combinando estilo, comodidad y calidad para mejorar la experiencia de quienes cuidan a los dem\u00e1s. misi\u00f3n Crear uniformes que acompa\u00f1en el ritmo de trabajo del personal de salud, ofreciendo dise\u00f1os c\u00f3modos, funcionales y elegantes que reflejen&hellip;","_links":{"self":[{"href":"https:\/\/drkrakenscrubs.com\/index.php?rest_route=\/wp\/v2\/pages\/8794","targetHints":{"allow":["GET"]}}],"collection":[{"href":"https:\/\/drkrakenscrubs.com\/index.php?rest_route=\/wp\/v2\/pages"}],"about":[{"href":"https:\/\/drkrakenscrubs.com\/index.php?rest_route=\/wp\/v2\/types\/page"}],"author":[{"embeddable":true,"href":"https:\/\/drkrakenscrubs.com\/index.php?rest_route=\/wp\/v2\/users\/8"}],"replies":[{"embeddable":true,"href":"https:\/\/drkrakenscrubs.com\/index.php?rest_route=%2Fwp%2Fv2%2Fcomments&post=8794"}],"version-history":[{"count":10,"href":"https:\/\/drkrakenscrubs.com\/index.php?rest_route=\/wp\/v2\/pages\/8794\/revisions"}],"predecessor-version":[{"id":8805,"href":"https:\/\/drkrakenscrubs.com\/index.php?rest_route=\/wp\/v2\/pages\/8794\/revisions\/8805"}],"wp:attachment":[{"href":"https:\/\/drkrakenscrubs.com\/index.php?rest_route=%2Fwp%2Fv2%2Fmedia&parent=8794"}],"curies":[{"name":"wp","href":"https:\/\/api.w.org\/{rel}","templated":true}]}}